 factors of y?
2, 31
Let q(c) = c**3 + c + 3. Let o be q(0). Suppose -o*y + 88 = 31. List the prime factors of y*3/(-3 - -6).
19
Let l = 1 + -2. Let w be l - 3 - (0 + 3). Let u = -2 - w. What are the prime factors of u?
5
Suppose 22*a - 19*a = 219. Let q = a - 21. Suppose 2*d - 2*h + q = 176, 0 = -5*d - 2*h + 303. What are the prime factors of d?
61
Let n(j) be the first derivative of j**4/4 + 5*j**3 - 2*j**2 + 2*j + 9. What are the prime factors of n(-15)?
2, 31
Suppose 8*f + 19225 = 33*f. List the prime factors of f.
769
Suppose -7*c + 6*c + 121 = 0. Let y be -1 + c + 2 + -2. Suppose 0*h - y = -4*h. List the prime factors of h.
2, 3, 5
List the prime factors of -6 + 4 - (-2 - 211).
211
Suppose k - 46 = 2*a - 14, k + 4*a - 38 = 0. Suppose -3*q - 2*l + 20 = 0, -7*l - k = -3*q - 2*l. List the prime factors of q.
2
Let n = -164 + 791. List the prime factors of n.
3, 11, 19
Let k(n) = -n**3 + 5*n**2 + 3*n + 1. Let c be k(4). Let y be ((-28)/(-10))/(2/(-10)). Let s = c + y. What are the prime factors of s?
3, 5
Let f = -14 - -19. Let s be (-3 + f)/((-4)/(-58)). Suppose -5 = -p, n + 5*p - 2*p - s = 0. List the prime factors of n.
2, 7
Let f be (1 - (-9)/(-3)) + (-1)/1. List the prime factors of (-40)/(-2) - f/3.
3, 7
Let s be (1092/(-24))/(2/(-4)). Suppose 5*k - 144 = s. What are the prime factors of k?
47
Let y = 160 - 111. What are the prime factors of 78/14*23 + (-7)/y?
2
Let l(b) = 14*b - 18. Let s be l(9). Let v = s + -66. Let n = v + -28. What are the prime factors of n?
2, 7
Suppose -4*m + 4 = -3*p, 0 = -3*p + 4*p - 4. Suppose -3*d + 150 = 2*x - 36, -2*d + 140 = -m*x. List the prime factors of d.
2
Let c(w) = -3 - 4 - 1 - 2 + 12*w. Suppose 5*t = -4*n + 45, 0 = -0*n + 5*n - 2*t - 15. List the prime factors of c(n).
2, 5
Suppose 4*m - 8*m = -r + 20, 5*r - 49 = 3*m. Suppose -r*w + 0*w = -1704. What are the prime factors of w?
3, 71
Suppose 29*o - 28*o - 1729 = 0. What are the prime factors of o?
7, 13, 19
Suppose -3*k = 34 + 116. Suppose 2*d + d = -2*h + 142, -h + 5*d + 71 = 0. Let s = k + h. What are the prime factors of s?
3, 7
Let y = 1311 - -146. What are the prime factors of y?
31, 47
Suppose j - 3*j + 2*q + 6 = 0, -2*j - 4*q = 0. Suppose -4*w + 47 = o, j = -3*w + 5. Suppose -3*h - o = -2*z, z + h - 37 = -2*z. What are the prime factors of z?
2, 7
Let v = -515 + 1104. What are the prime factors of v?
19, 31
Let y = -11 + 13. Let f be (y/3)/((-12)/(-828)). Let r = -31 + f. List the prime factors of r.
3, 5
Let x(l) = -10*l - 21. Let r(z) = -5*z - 10. Let k(y) = 13*r(y) - 6*x(y). What are the prime factors of k(-16)?
2, 19
Suppose -152 = -2*d + d - 5*z, z - 646 = -4*d. What are the prime factors of d?
2, 3
Let j(g) = -g**3 + 7*g**2 + 5. Let v be j(7). Suppose 0 = a - v*m + 11, -5*a + 6*m - m = -5. Suppose 6*u = a*u + 48. What are the prime factors of u?
2, 3
Suppose -3*l + 5*q + 943 = 0, -q - 100 = -l + 211. List the prime factors of l.
2, 3, 17
Let v(n) = 3*n**2 - n - 10. What are the prime factors of v(11)?
2, 3, 19
Let u = 707 - 312. List the prime factors of u.
5, 79
Let k(o) = o**3 - 3*o**2 + 4*o - 14. List the prime factors of k(4).
2, 3
Let d(w) be the first derivative of w**4/4 - 7*w**3/3 - 7*w**2/2 - 6*w + 11. What are the prime factors of d(8)?
2
Suppose 0 = 2*n + 4*o + 137 + 11, 0 = 3*n - 5*o + 244. Let c = 130 + n. What are the prime factors of c?
2, 13
Suppose 0 = 7*f - 3*f + q - 5, 5*f - 5*q = 0. List the prime factors of 1 + f - (2 + -65).
5, 13
Let d(p) = 3*p**3 - p. Let o be d(-1). Let z be o - (1*-22 + 2). Suppose -3*s - 2*y + 2 + 3 = 0, 3*y + z = 4*s. List the prime factors of s.
3
Suppose -270 = -11*k + 9*k. What are the prime factors of k?
3, 5
Let f(x) = 15*x - 57. List the prime factors of f(16).
3, 61
Let t(o) = 19*o**2 - 4*o + 1. Let a be t(3). Let s = -60 + 100. Suppose 4*r + s = a. What are the prime factors of r?
2, 3, 5
Let f(x) = -x**3 - 42*x**2 - 22*x + 38. List the prime factors of f(-42).
2, 13, 37
Let o(f) = f**3 - 7*f**2 - 8*f - 7. List the prime factors of o(9).
83
Let q = 13 + -3. Suppose 0 = 2*m + 2*u + q, 3*m - u = u. List the prime factors of 33 + m + -3 - 1.
3
Suppose -a - 546 = -3*a. Suppose 2*h = -3*c + 4*c - 3, -3*c = -5*h - 10. Suppose a + 22 = c*t. List the prime factors of t.
59
Let g = 1711 + -285. List the prime factors of g.
2, 23, 31
Let s be 7/(-14)*(-7 + 1). Suppose -2*d + 317 = 5*b - s*d, -3*b = -d - 189. Suppose -2*m + b = 14. List the prime factors of m.
5
Let q = -59 + 1919. What are the prime factors of q?
2, 3, 5, 31
Let i(l) = l**3 + 22*l**2 - 38*l - 18. What are the prime factors of i(-22)?
2, 409
Let l = -144 + 147. List the prime factors of (-1 - (-2)/l) + 9394/66.
2, 71
Suppose -6*j + 90 = -j. Suppose 2*s = -4*t + 12, 0 = -0*s + 4*s + 5*t - j. Suppose -12 - 16 = -s*f. What are the prime factors of f?
2, 7
Let u = -1091 - -1379. What are the prime factors of u?
2, 3
Let r be 3*2*8/24. Suppose -r*o - 2*u = -0 + 2, -3*o - u + 7 = 0. What are the prime factors of 300/(-6)*(-2)/o?
5
Let p be 6 - 2*(-3)/(-6). Suppose 0 = 5*a + p*g, -1 - 2 = 4*a + 5*g. Let z = a - -8. List the prime factors of z.
11
Suppose 5*z - 4*b = 22, 2*b = 5*z - 3*b - 25. Suppose -7*h = -z*h. Let g = 15 - h. List the prime factors of g.
3, 5
Let n(z) = z**2 + 26*z - 22. Let d be n(-27). Suppose -5 = d*q, -3*q - 628 = -3*t + 140. List the prime factors of t.
3, 5, 17
Let q(c) = 326*c - 99. List the prime factors of q(6).
3, 619
Suppose -154*l - 2058 = -156*l. What are the prime factors of l?
3, 7
Let z = -19 - -22. Suppose -2*k = 2*j - 158, -2*j + z*j - k = 77. List the prime factors of j.
2, 3, 13
Let o be (2 + 4)*(-2)/(-2). Suppose 19 = o*b - 65. List the prime factors of b.
2, 7
Let m(g) be the second derivative of -1/12*g**4 + 3*g + 1/6*g**3 + 0 + 17/2*g**2. List the prime factors of m(0).
17
Let p(t) = -t**3 - 5*t**2 + 3*t - 1. Let z be p(-4). Let a = 10 + z. Let v = a - -40. What are the prime factors of v?
3, 7
Suppose w - 2*l = 0, -w - 1 + 5 = -4*l. List the prime factors of w/1*(-1 - 7).
2
What are the prime factors of 0 + (-4)/4*7050/(-10)?
3, 5, 47
Suppose -3*l - 2*l = -10. Suppose -5*g = -g, -2*g = -l*k + 518. List the prime factors of k.
7, 37
Let y(b) = -52*b - 17. Let g be y(-5). Let w = g + -20. What are the prime factors of w?
223
Suppose 1192*z = 1191*z + 1408. What are the prime factors of z?
2, 11
Let n(l) = -l**2 - 6*l + 11. Let u be n(-7). Suppose -122 = -u*v + 162. What are the prime factors of v?
71
Let o be 6 + (-5 - 1 - -3). Suppose o*v = 160 + 155. List the prime factors of v.
3, 5, 7
Suppose q + 40 = 6*q. Suppose -4*n = -16, -642 = -q*u + 3*u - 3*n. What are the prime factors of u?
2, 3, 7
Let b = 8 + -6. Let i = 359 + -210. Suppose 0 = -b*m + 4*d - 8 + 60, -d = 4*m - i. List the prime factors of m.
2, 3
Suppose -4*o = -4*z + 432, 0 = 7*z - 3*z + 5*o - 396. What are the prime factors of z?
2, 13
Suppose 0 = 2*g - 4*g - 2. List the prime factors of 29 - 4 - -1 - g.
3
Let r(w) = w**3 - 2*w**2. Let c(y) = -y - 8. Let x be c(-10). Let j be r(x). Suppose j = -6*t + 176 + 46. What are the prime factors of t?
37
Let k(d) = d**3 - 6*d**2 + 8*d - 6. Let h = 26 + -19. What are the prime factors of k(h)?
3, 11
Suppose -z + 3*z - 196 = 0. Suppose -h + 0*h + 31 = 3*s, -z = -3*h - 4*s. Let y = 12 + h. List the prime factors of y.
2, 23
Let k be (287/14)/((-1)/(-2)). Suppose -2*w = 5*r - 357, -2*r + w - k = -191. List the prime factors of r.
73
Suppose w - 2*b = 132, 3*b + b = 12. What are the prime factors of w?
2, 3, 23
Suppose 21*t - 3572 = 20*t. List the prime factors of t.
2, 19, 47
Let n(u) = -179*u - 5. What are the prime factors of n(-5)?
2, 5, 89
Let y(r) = -r**2 + 63*r - 138. What are the prime factors of y(41)?
2, 191
Let g = 333 + -602. Let l = g + 404. List the prime factors of l.
3, 5
Let a(l) = -l**3 + 13*l**2 - 14*l - 4. Let h = 8 - -3. Let f be a(h). Suppose 0 = -z + 3*z - f. What are the prime factors of z?
2, 3, 7
Let v(r) = -r**2 + 8*r + 2. Let o be v(8). Suppose 3*b = -o*h + 95, -5*b = 3*h - 2*h - 170. List the prime factors of b.
5, 7
Suppose 3*l - 3 = -5*o, 3*o - 9*l + 8*l = 13. Let f(q) = -2*q**2 + 0*q**2 - 3*q**3 - 4 + 4*q**3. List the prime factors of f(o).
5
Suppose -126 = 4*k + 4*i - 2*i, 3*k = i - 87. What are the prime factors of 35*(3 + k/25)?
3, 7
Let b = -234 + 39